{"id":119,"date":"2021-03-24T16:18:47","date_gmt":"2021-03-24T16:18:47","guid":{"rendered":"http:\/\/nowa.sp2-poreba.edu.pl\/?page_id=119"},"modified":"2025-09-07T18:44:38","modified_gmt":"2025-09-07T18:44:38","slug":"grono-pedagogiczne-2020-2021","status":"publish","type":"page","link":"https:\/\/sp2-poreba.edu.pl\/index.php\/nasza-szkola\/osoby\/grono-pedagogiczne-2020-2021\/","title":{"rendered":"Grono Pedagogiczne 2025-2026"},"content":{"rendered":"\n<p class=\"has-large-font-size\"><\/p>\n\n\n\n<figure class=\"wp-block-table is-style-stripes\"><table><tbody><tr><td>RADA PEDAGOGICZNA W ROKU SZKOLNYM 2024\/2025<\/td><td>&nbsp;&nbsp;&nbsp;&nbsp;&nbsp;&nbsp;&nbsp;&nbsp;&nbsp;&nbsp;&nbsp;&nbsp;&nbsp;&nbsp;&nbsp;&nbsp;&nbsp;&nbsp;&nbsp;&nbsp;&nbsp;&nbsp;&nbsp;&nbsp;&nbsp;&nbsp;&nbsp;&nbsp;&nbsp;&nbsp;&nbsp;&nbsp;&nbsp;&nbsp;&nbsp;&nbsp;&nbsp;&nbsp;&nbsp;&nbsp;&nbsp;&nbsp;&nbsp;&nbsp;&nbsp;&nbsp;&nbsp;&nbsp;&nbsp;&nbsp;&nbsp;&nbsp;&nbsp;&nbsp;&nbsp;<\/td><\/tr><tr><td><strong>MA\u0141GORZATA DYCHUS<\/strong><\/td><td><strong>DYREKTOR SZKO\u0141Y<\/strong>\/j\u0119zyk&nbsp;angielski\/doradztwo zawodowe<\/td><\/tr><tr><td><strong>BEATA CICHECKA<\/strong><\/td><td>Wychowawca\u00a0klasa 1<\/td><\/tr><tr><td><strong>AGNIESZKA ZAMORA<\/strong><\/td><td>Wychowawca \u015bwietlicy szkolnej\/edukacja zdrowotna<\/td><\/tr><tr><td><strong>EL\u017bBIETA WYSTRYCHOWSKA<\/strong><\/td><td>Wychowawca klasa III<\/td><\/tr><tr><td><strong>KATARZYNA MALENGA&nbsp;<\/strong><\/td><td>matematyka<\/td><\/tr><tr><td><strong>ANNA KLICH<\/strong><\/td><td>J\u0119zyk\u00a0angielski, Geografia, Wychowawca klasa V<\/td><\/tr><tr><td><strong>SYLWIA SZYMOCHA&nbsp;<\/strong><\/td><td>\u00a0Wychowawca klasa VI\/J\u0119zyk polski\u00a0\/ PPP<\/td><\/tr><tr><td><strong>AGNIESZKA WIERZBI\u0143SKA<\/strong><\/td><td>Wychowawca klasa VII\/\u00a0muzyka\u00a0\/\u00a0plastyka\/ technika\/informatyka<\/td><\/tr><tr><td><strong>URSZULA SZYMCZYK&nbsp;<\/strong><\/td><td>Wychowawca klasa II<\/td><\/tr><tr><td><strong>KLAUDIA MUSIALIK<\/strong><\/td><td>Wychowawca przedszkola 3,4 latki &#8221; S\u0142oneczka&#8221;<\/td><\/tr><tr><td><strong>ILONA MIROWSKA&nbsp;<\/strong><\/td><td>Wychowawca przedszkola grupa 5,6 latki <\/td><\/tr><tr><td><strong>KATARZYNA HAMERLIK<\/strong><\/td><td>Nauczyciel wspomagaj\u0105cy kszta\u0142cenie, PPP<\/td><\/tr><tr><td><strong>MONIKA OLSZEWSKA<\/strong><\/td><td>Biologia\/przyroda\/chemia<\/td><\/tr><tr><td><strong>PATRYK TRAGARZ<\/strong><\/td><td>Wychowanie fizyczne<\/td><\/tr><tr><td><strong>ARKADIUSZ WOJDY\u0141A<\/strong><\/td><td>Fizyka<\/td><\/tr><tr><td><strong>JOANNA KOWAL<\/strong><\/td><td>Wychowawca klasy IV \/ j\u0119zyk polski<\/td><\/tr><tr><td><strong>IZABELA ORMAN<\/strong><\/td><td>Nauczyciel wsp\u00f3\u0142organizuj\u0105cy kszta\u0142cenie&nbsp;\/ PPP\/Biblioteka<\/td><\/tr><tr><td><strong>TOMASZ PAWE\u0141CZYK&nbsp;<\/strong><\/td><td>Religia<\/td><\/tr><tr><td><strong>DOROTA GRZESIAK<\/strong><\/td><td>J\u0119zyk&nbsp;polski<\/td><\/tr><tr><td><strong>JUSTYNA KALAMAT<\/strong><\/td><td>Pedagog szkolna<\/td><\/tr><tr><td><strong>MAGDALENA GUDY\u015a<\/strong><\/td><td>logopeda<\/td><\/tr><tr><td><strong>ZAJ\u0104C-CZARNUL OLGA<\/strong><\/td><td>Psycholog<\/td><\/tr><tr><td><\/td><td><\/td><\/tr><tr><td><\/td><td><\/td><\/tr><tr><td><\/td><td><\/td><\/tr><tr><td><\/td><td><\/td><\/tr><tr><td><\/td><td><\/td><\/tr><tr><td><\/td><td><\/td><\/tr><tr><td><\/td><td><\/td><\/tr><\/tbody><\/table><\/figure>\n","protected":false},"excerpt":{"rendered":"<p>RADA PEDAGOGICZNA W ROKU SZKOLNYM 2024\/2025 &nbsp;&nbsp;&nbsp;&nbsp;&nbsp;&nbsp;&nbsp;&nbsp;&nbsp;&nbsp;&nbsp;&nbsp;&nbsp;&nbsp;&nbsp;&nbsp;&nbsp;&nbsp;&nbsp;&nbsp;&nbsp;&nbsp;&nbsp;&nbsp;&nbsp;&nbsp;&nbsp;&nbsp;&nbsp;&nbsp;&nbsp;&nbsp;&nbsp;&nbsp;&nbsp;&nbsp;&nbsp;&nbsp;&nbsp;&nbsp;&nbsp;&nbsp;&nbsp;&nbsp;&nbsp;&nbsp;&nbsp;&nbsp;&nbsp;&nbsp;&nbsp;&nbsp;&nbsp;&nbsp;&nbsp; MA\u0141GORZATA DYCHUS DYREKTOR SZKO\u0141Y\/j\u0119zyk&nbsp;angielski\/doradztwo zawodowe BEATA CICHECKA Wychowawca\u00a0klasa 1 AGNIESZKA ZAMORA Wychowawca \u015bwietlicy szkolnej\/edukacja zdrowotna EL\u017bBIETA WYSTRYCHOWSKA Wychowawca klasa III KATARZYNA MALENGA&nbsp; matematyka ANNA KLICH J\u0119zyk\u00a0angielski, Geografia, Wychowawca klasa V SYLWIA SZYMOCHA&nbsp; \u00a0Wychowawca <span class=\"readmore\"><a href=\"https:\/\/sp2-poreba.edu.pl\/index.php\/nasza-szkola\/osoby\/grono-pedagogiczne-2020-2021\/\">Czytaj wi\u0119cej<\/a><\/span><\/p>\n","protected":false},"author":1,"featured_media":0,"parent":255,"menu_order":138,"comment_status":"closed","ping_status":"closed","template":"","meta":{"footnotes":""},"class_list":["post-119","page","type-page","status-publish","hentry"],"_links":{"self":[{"href":"https:\/\/sp2-poreba.edu.pl\/index.php\/wp-json\/wp\/v2\/pages\/119","targetHints":{"allow":["GET"]}}],"collection":[{"href":"https:\/\/sp2-poreba.edu.pl\/index.php\/wp-json\/wp\/v2\/pages"}],"about":[{"href":"https:\/\/sp2-poreba.edu.pl\/index.php\/wp-json\/wp\/v2\/types\/page"}],"author":[{"embeddable":true,"href":"https:\/\/sp2-poreba.edu.pl\/index.php\/wp-json\/wp\/v2\/users\/1"}],"replies":[{"embeddable":true,"href":"https:\/\/sp2-poreba.edu.pl\/index.php\/wp-json\/wp\/v2\/comments?post=119"}],"version-history":[{"count":4,"href":"https:\/\/sp2-poreba.edu.pl\/index.php\/wp-json\/wp\/v2\/pages\/119\/revisions"}],"predecessor-version":[{"id":6114,"href":"https:\/\/sp2-poreba.edu.pl\/index.php\/wp-json\/wp\/v2\/pages\/119\/revisions\/6114"}],"up":[{"embeddable":true,"href":"https:\/\/sp2-poreba.edu.pl\/index.php\/wp-json\/wp\/v2\/pages\/255"}],"wp:attachment":[{"href":"https:\/\/sp2-poreba.edu.pl\/index.php\/wp-json\/wp\/v2\/media?parent=119"}],"curies":[{"name":"wp","href":"https:\/\/api.w.org\/{rel}","templated":true}]}}

<p class="has-large-font-size"></p>



<figure class="wp-block-table is-style-stripes"><table><tbody><tr><td>RADA PEDAGOGICZNA W ROKU SZKOLNYM 2024/2025</td><td>&nbsp;&nbsp;&nbsp;&nbsp;&nbsp;&nbsp;&nbsp;&nbsp;&nbsp;&nbsp;&nbsp;&nbsp;&nbsp;&nbsp;&nbsp;&nbsp;&nbsp;&nbsp;&nbsp;&nbsp;&nbsp;&nbsp;&nbsp;&nbsp;&nbsp;&nbsp;&nbsp;&nbsp;&nbsp;&nbsp;&nbsp;&nbsp;&nbsp;&nbsp;&nbsp;&nbsp;&nbsp;&nbsp;&nbsp;&nbsp;&nbsp;&nbsp;&nbsp;&nbsp;&nbsp;&nbsp;&nbsp;&nbsp;&nbsp;&nbsp;&nbsp;&nbsp;&nbsp;&nbsp;&nbsp;</td></tr><tr><td><strong>MAŁGORZATA DYCHUS</strong></td><td><strong>DYREKTOR SZKOŁY</strong>/język&nbsp;angielski/doradztwo zawodowe</td></tr><tr><td><strong>BEATA CICHECKA</strong></td><td>Wychowawca klasa 1</td></tr><tr><td><strong>AGNIESZKA ZAMORA</strong></td><td>Wychowawca świetlicy szkolnej/edukacja zdrowotna</td></tr><tr><td><strong>ELŻBIETA WYSTRYCHOWSKA</strong></td><td>Wychowawca klasa III</td></tr><tr><td><strong>KATARZYNA MALENGA&nbsp;</strong></td><td>matematyka</td></tr><tr><td><strong>ANNA KLICH</strong></td><td>Język angielski, Geografia, Wychowawca klasa V</td></tr><tr><td><strong>SYLWIA SZYMOCHA&nbsp;</strong></td><td> Wychowawca klasa VI/Język polski / PPP</td></tr><tr><td><strong>AGNIESZKA WIERZBIŃSKA</strong></td><td>Wychowawca klasa VII/ muzyka / plastyka/ technika/informatyka</td></tr><tr><td><strong>URSZULA SZYMCZYK&nbsp;</strong></td><td>Wychowawca klasa II</td></tr><tr><td><strong>KLAUDIA MUSIALIK</strong></td><td>Wychowawca przedszkola 3,4 latki &#8221; Słoneczka&#8221;</td></tr><tr><td><strong>ILONA MIROWSKA&nbsp;</strong></td><td>Wychowawca przedszkola grupa 5,6 latki </td></tr><tr><td><strong>KATARZYNA HAMERLIK</strong></td><td>Nauczyciel wspomagający kształcenie, PPP</td></tr><tr><td><strong>MONIKA OLSZEWSKA</strong></td><td>Biologia/przyroda/chemia</td></tr><tr><td><strong>PATRYK TRAGARZ</strong></td><td>Wychowanie fizyczne</td></tr><tr><td><strong>ARKADIUSZ WOJDYŁA</strong></td><td>Fizyka</td></tr><tr><td><strong>JOANNA KOWAL</strong></td><td>Wychowawca klasy IV / język polski</td></tr><tr><td><strong>IZABELA ORMAN</strong></td><td>Nauczyciel współorganizujący kształcenie&nbsp;/ PPP/Biblioteka</td></tr><tr><td><strong>TOMASZ PAWEŁCZYK&nbsp;</strong></td><td>Religia</td></tr><tr><td><strong>DOROTA GRZESIAK</strong></td><td>Język&nbsp;polski</td></tr><tr><td><strong>JUSTYNA KALAMAT</strong></td><td>Pedagog szkolna</td></tr><tr><td><strong>MAGDALENA GUDYŚ</strong></td><td>logopeda</td></tr><tr><td><strong>ZAJĄC-CZARNUL OLGA</strong></td><td>Psycholog</td></tr><tr><td></td><td></td></tr><tr><td></td><td></td></tr><tr><td></td><td></td></tr><tr><td></td><td></td></tr><tr><td></td><td></td></tr><tr><td></td><td></td></tr><tr><td></td><td></td></tr></tbody></table></figure>

<p>RADA PEDAGOGICZNA W ROKU SZKOLNYM 2024/2025 &nbsp;&nbsp;&nbsp;&nbsp;&nbsp;&nbsp;&nbsp;&nbsp;&nbsp;&nbsp;&nbsp;&nbsp;&nbsp;&nbsp;&nbsp;&nbsp;&nbsp;&nbsp;&nbsp;&nbsp;&nbsp;&nbsp;&nbsp;&nbsp;&nbsp;&nbsp;&nbsp;&nbsp;&nbsp;&nbsp;&nbsp;&nbsp;&nbsp;&nbsp;&nbsp;&nbsp;&nbsp;&nbsp;&nbsp;&nbsp;&nbsp;&nbsp;&nbsp;&nbsp;&nbsp;&nbsp;&nbsp;&nbsp;&nbsp;&nbsp;&nbsp;&nbsp;&nbsp;&nbsp;&nbsp; MAŁGORZATA DYCHUS DYREKTOR SZKOŁY/język&nbsp;angielski/doradztwo zawodowe BEATA CICHECKA Wychowawca klasa 1 AGNIESZKA ZAMORA Wychowawca świetlicy szkolnej/edukacja zdrowotna ELŻBIETA WYSTRYCHOWSKA Wychowawca klasa III KATARZYNA MALENGA&nbsp; matematyka ANNA KLICH Język angielski, Geografia, Wychowawca klasa V SYLWIA SZYMOCHA&nbsp;  Wychowawca <span class="readmore"><a href="https://sp2-poreba.edu.pl/index.php/nasza-szkola/osoby/grono-pedagogiczne-2020-2021/">Czytaj więcej</a></span></p>
