{"id":162,"date":"2021-03-24T16:40:35","date_gmt":"2021-03-24T16:40:35","guid":{"rendered":"http:\/\/nowa.sp2-poreba.edu.pl\/?page_id=162"},"modified":"2021-03-24T20:23:49","modified_gmt":"2021-03-24T20:23:49","slug":"szkola-podstawowa-nr2-im-jana-pawla-ii","status":"publish","type":"page","link":"https:\/\/sp2-poreba.edu.pl\/index.php\/szkola-podstawowa-nr2-im-jana-pawla-ii\/","title":{"rendered":"Szko\u0142a Podstawowa nr2 Im Jana Paw\u0142a II"},"content":{"rendered":"\n<p>Serdecznie witamy. Nasza szko\u0142a jest pa\u0144stwow\u0105 szko\u0142\u0105 publiczn\u0105. Opiek\u0119 merytoryczn\u0105 i metodyczn\u0105 nad plac\u00f3wk\u0105 sprawuj\u0105 \u015al\u0105ski Kurator O\u015bwiaty oraz Wydzia\u0142 O\u015bwiaty Urz\u0119du Miasta Por\u0119ba.<\/p>\n","protected":false},"excerpt":{"rendered":"<p>Serdecznie witamy. Nasza szko\u0142a jest pa\u0144stwow\u0105 szko\u0142\u0105 publiczn\u0105. Opiek\u0119 merytoryczn\u0105 i metodyczn\u0105 nad plac\u00f3wk\u0105 sprawuj\u0105 \u015al\u0105ski Kurator O\u015bwiaty oraz Wydzia\u0142 O\u015bwiaty Urz\u0119du Miasta Por\u0119ba.<\/p>\n","protected":false},"author":1,"featured_media":187,"parent":0,"menu_order":153,"comment_status":"closed","ping_status":"closed","template":"","meta":{"footnotes":""},"class_list":["post-162","page","type-page","status-publish","has-post-thumbnail","hentry"],"_links":{"self":[{"href":"https:\/\/sp2-poreba.edu.pl\/index.php\/wp-json\/wp\/v2\/pages\/162","targetHints":{"allow":["GET"]}}],"collection":[{"href":"https:\/\/sp2-poreba.edu.pl\/index.php\/wp-json\/wp\/v2\/pages"}],"about":[{"href":"https:\/\/sp2-poreba.edu.pl\/index.php\/wp-json\/wp\/v2\/types\/page"}],"author":[{"embeddable":true,"href":"https:\/\/sp2-poreba.edu.pl\/index.php\/wp-json\/wp\/v2\/users\/1"}],"replies":[{"embeddable":true,"href":"https:\/\/sp2-poreba.edu.pl\/index.php\/wp-json\/wp\/v2\/comments?post=162"}],"version-history":[{"count":0,"href":"https:\/\/sp2-poreba.edu.pl\/index.php\/wp-json\/wp\/v2\/pages\/162\/revisions"}],"wp:featuredmedia":[{"embeddable":true,"href":"https:\/\/sp2-poreba.edu.pl\/index.php\/wp-json\/wp\/v2\/media\/187"}],"wp:attachment":[{"href":"https:\/\/sp2-poreba.edu.pl\/index.php\/wp-json\/wp\/v2\/media?parent=162"}],"curies":[{"name":"wp","href":"https:\/\/api.w.org\/{rel}","templated":true}]}}

Szkoła Podstawowa nr2 Im Jana Pawła II

<p>Serdecznie witamy. Nasza szkoła jest państwową szkołą publiczną. Opiekę merytoryczną i metodyczną nad placówką sprawują Śląski Kurator Oświaty oraz Wydział Oświaty Urzędu Miasta Poręba.</p>
