{"id":6079,"date":"2025-08-25T04:32:29","date_gmt":"2025-08-25T04:32:29","guid":{"rendered":"https:\/\/sp2-poreba.edu.pl\/?page_id=6079"},"modified":"2025-09-30T19:27:17","modified_gmt":"2025-09-30T19:27:17","slug":"projekt-nauka-dla-przedszkolaka","status":"publish","type":"page","link":"https:\/\/sp2-poreba.edu.pl\/index.php\/projekt-nauka-dla-przedszkolaka\/","title":{"rendered":"PROJEKT \u2013 \u201eNauka dla przedszkolaka\u201d"},"content":{"rendered":"\n<p class=\"has-large-font-size\">Szanowni Pa\u0144stwo,<\/p>\n\n\n\n<p class=\"has-normal-font-size\">Oddzia\u0142y Przedszkolne w Szkole Podstawowej nr 2 im. Jana Paw\u0142a II w Por\u0119bie ponownie og\u0142aszaj\u0105 nab\u00f3r dzieci, kt\u00f3re nie s\u0105 jeszcze uczestnikami, do bezp\u0142atnego udzia\u0142u w projekcie \u201e<strong>Nauka dla przedszkolaka- rozw\u00f3j oferty edukacyjnej przedszkolnej w Gminie Por\u0119ba\u201d<\/strong> dofinansowanego w ramach Funduszy Europejskich dla \u015al\u0105skiego 2021- 2027.<\/p>\n\n\n\n<p class=\"has-normal-font-size\">Przypominamy, \u017ce nadal celem g\u0142\u00f3wnym projektu jest poprawa jako\u015bci edukacji przedszkolnej i wsparcie dzieci ze specjalnymi potrzebami edukacyjnymi. W poprzednim roku szkolnym w ramach projektu uda\u0142o si\u0119 dokona\u0107 zakupu doposa\u017cenia w postaci pomocy dydaktycznych oraz sprz\u0119tu ICT. R\u00f3wnie\u017c nauczyciele uczestniczyli w wielu szkoleniach, kursach oraz studiach podyplomowych. Rezultatem projektu b\u0119dzie poprawa szans edukacyjnych dzieci obj\u0119tych projektem, ich rozw\u00f3j psychoedukacyjny oraz eliminacja trudno\u015bci i deficyt\u00f3w.<\/p>\n\n\n\n<p class=\"has-normal-font-size\">W ramach projektu przedszkolaki b\u0119d\u0105 mog\u0142y wzi\u0105\u0107 udzia\u0142 w nast\u0119puj\u0105cych zaj\u0119ciach:<\/p>\n\n\n\n<ul class=\"wp-block-list\">\n<li class=\"has-normal-font-size\">Arteterapia,<\/li>\n\n\n\n<li class=\"has-normal-font-size\">Trening Umiej\u0119tno\u015bci Spo\u0142ecznych &nbsp;z elementami preorientacji zawodowej<\/li>\n\n\n\n<li class=\"has-normal-font-size\">Zaj\u0119cia plastyczne<\/li>\n\n\n\n<li class=\"has-normal-font-size\">Bajkoterapia<\/li>\n\n\n\n<li class=\"has-normal-font-size\">Rytmika z motoryk\u0105<\/li>\n<\/ul>\n\n\n\n<p class=\"has-normal-font-size\">Zapisy na zaj\u0119cia rozpoczn\u0105 si\u0119 od 08 wrze\u015bnia 2025 i potrwaj\u0105 do 21 wrze\u015bnia 2025. Zapisu dziecka na wybrane zaj\u0119cia mo\u017cna dokona\u0107 elektronicznie na adres podstawowa_2@op.pl lub u Koordynatora projektu (pedagoga szkolnego &#8211; Pani Justyny Kalamat) w Szkole w sali 24. Na stronie szko\u0142y zostan\u0105 zamieszczone wzory dokument\u00f3w, kt\u00f3re nale\u017cy uzupe\u0142ni\u0107 aby zapisa\u0107 swoje dziecko na zaj\u0119cia. Wz\u00f3r wniosku b\u0119dzie dost\u0119pny te\u017c u Koordynatora projektu.<\/p>\n\n\n\n<p class=\"has-normal-font-size\">Po 21 wrze\u015bnia 2025 nast\u0105pi og\u0142oszenie &nbsp;wynik\u00f3w z przeprowadzonej rekrutacji.<\/p>\n\n\n\n<p class=\"has-normal-font-size\">Planowane rozpocz\u0119cie zaj\u0119\u0107 \u2013 pa\u017adziernik 2025 r.<\/p>\n\n\n\n<p class=\"has-normal-font-size\">Zach\u0119camy do udzia\u0142u w projekcie!<\/p>\n\n\n\n<div data-wp-interactive=\"core\/file\" class=\"wp-block-file\"><object data-wp-bind--hidden=\"!state.hasPdfPreview\" hidden class=\"wp-block-file__embed\" data=\"https:\/\/sp2-poreba.edu.pl\/wp-content\/uploads\/2025\/08\/REGULAMIN_PROJEKTU-6.01.pdf\" type=\"application\/pdf\" style=\"width:100%;height:600px\" aria-label=\"Osadzone z REGULAMIN_PROJEKTU - 6.01.\"><\/object><a id=\"wp-block-file--media-2f133b7d-282d-41d3-9615-c46682c3cbc5\" href=\"https:\/\/sp2-poreba.edu.pl\/wp-content\/uploads\/2025\/08\/REGULAMIN_PROJEKTU-6.01.pdf\">REGULAMIN_PROJEKTU &#8211; 6.01<\/a><a href=\"https:\/\/sp2-poreba.edu.pl\/wp-content\/uploads\/2025\/08\/REGULAMIN_PROJEKTU-6.01.pdf\" class=\"wp-block-file__button wp-element-button\" download aria-describedby=\"wp-block-file--media-2f133b7d-282d-41d3-9615-c46682c3cbc5\">Pobierz<\/a><\/div>\n\n\n\n<div data-wp-interactive=\"core\/file\" class=\"wp-block-file\"><object data-wp-bind--hidden=\"!state.hasPdfPreview\" hidden class=\"wp-block-file__embed\" data=\"https:\/\/sp2-poreba.edu.pl\/wp-content\/uploads\/2025\/08\/Zalacznik-1a_Karta-zgloszenia-dziecka-do-udzialu-w-projekcie-1.pdf\" type=\"application\/pdf\" style=\"width:100%;height:600px\" aria-label=\"Osadzone z Za\u0142\u0105cznik 1a_Karta zg\u0142oszenia dziecka do udzia\u0142u w projekcie.\"><\/object><a id=\"wp-block-file--media-9d86fca7-f083-4d8b-b52b-895ebead47e0\" href=\"https:\/\/sp2-poreba.edu.pl\/wp-content\/uploads\/2025\/08\/Zalacznik-1a_Karta-zgloszenia-dziecka-do-udzialu-w-projekcie-1.pdf\">Za\u0142\u0105cznik 1a_Karta zg\u0142oszenia dziecka do udzia\u0142u w projekcie<\/a><a href=\"https:\/\/sp2-poreba.edu.pl\/wp-content\/uploads\/2025\/08\/Zalacznik-1a_Karta-zgloszenia-dziecka-do-udzialu-w-projekcie-1.pdf\" class=\"wp-block-file__button wp-element-button\" download aria-describedby=\"wp-block-file--media-9d86fca7-f083-4d8b-b52b-895ebead47e0\">Pobierz<\/a><\/div>\n\n\n\n<div data-wp-interactive=\"core\/file\" class=\"wp-block-file\"><object data-wp-bind--hidden=\"!state.hasPdfPreview\" hidden class=\"wp-block-file__embed\" data=\"https:\/\/sp2-poreba.edu.pl\/wp-content\/uploads\/2025\/08\/Zalacznik-3_Deklaracja-oswiadczenie-o-uczestnictwie-w-projekcie-1.pdf\" type=\"application\/pdf\" style=\"width:100%;height:600px\" aria-label=\"Osadzone z Za\u0142\u0105cznik 3_Deklaracja o\u015bwiadczenie o uczestnictwie w projekcie.\"><\/object><a id=\"wp-block-file--media-32c9d6c7-60c8-4d5c-8ee5-e30da35faf48\" href=\"https:\/\/sp2-poreba.edu.pl\/wp-content\/uploads\/2025\/08\/Zalacznik-3_Deklaracja-oswiadczenie-o-uczestnictwie-w-projekcie-1.pdf\">Za\u0142\u0105cznik 3_Deklaracja o\u015bwiadczenie o uczestnictwie w projekcie<\/a><a href=\"https:\/\/sp2-poreba.edu.pl\/wp-content\/uploads\/2025\/08\/Zalacznik-3_Deklaracja-oswiadczenie-o-uczestnictwie-w-projekcie-1.pdf\" class=\"wp-block-file__button wp-element-button\" download aria-describedby=\"wp-block-file--media-32c9d6c7-60c8-4d5c-8ee5-e30da35faf48\">Pobierz<\/a><\/div>\n\n\n\n<div data-wp-interactive=\"core\/file\" class=\"wp-block-file\"><object data-wp-bind--hidden=\"!state.hasPdfPreview\" hidden class=\"wp-block-file__embed\" data=\"https:\/\/sp2-poreba.edu.pl\/wp-content\/uploads\/2025\/08\/Zalacznik-4-_Oswiadczenie-uczestnika-projektu-1.pdf\" type=\"application\/pdf\" style=\"width:100%;height:600px\" aria-label=\"Osadzone z Za\u0142\u0105cznik 4 _O\u015bwiadczenie uczestnika projektu.\"><\/object><a id=\"wp-block-file--media-90fbf357-2396-4486-b4d2-b0eb324f4f53\" href=\"https:\/\/sp2-poreba.edu.pl\/wp-content\/uploads\/2025\/08\/Zalacznik-4-_Oswiadczenie-uczestnika-projektu-1.pdf\">Za\u0142\u0105cznik 4 _O\u015bwiadczenie uczestnika projektu<\/a><a href=\"https:\/\/sp2-poreba.edu.pl\/wp-content\/uploads\/2025\/08\/Zalacznik-4-_Oswiadczenie-uczestnika-projektu-1.pdf\" class=\"wp-block-file__button wp-element-button\" download aria-describedby=\"wp-block-file--media-90fbf357-2396-4486-b4d2-b0eb324f4f53\">Pobierz<\/a><\/div>\n\n\n\n<div data-wp-interactive=\"core\/file\" class=\"wp-block-file\"><object data-wp-bind--hidden=\"!state.hasPdfPreview\" hidden class=\"wp-block-file__embed\" data=\"https:\/\/sp2-poreba.edu.pl\/wp-content\/uploads\/2025\/08\/Zalacznik-5-_RODO-2.pdf\" type=\"application\/pdf\" style=\"width:100%;height:600px\" aria-label=\"Osadzone z Za\u0142\u0105cznik 5 _RODO.\"><\/object><a id=\"wp-block-file--media-61e16024-c786-4afc-af99-c4cd1dcb380c\" href=\"https:\/\/sp2-poreba.edu.pl\/wp-content\/uploads\/2025\/08\/Zalacznik-5-_RODO-2.pdf\">Za\u0142\u0105cznik 5 _RODO<\/a><a href=\"https:\/\/sp2-poreba.edu.pl\/wp-content\/uploads\/2025\/08\/Zalacznik-5-_RODO-2.pdf\" class=\"wp-block-file__button wp-element-button\" download aria-describedby=\"wp-block-file--media-61e16024-c786-4afc-af99-c4cd1dcb380c\">Pobierz<\/a><\/div>\n\n\n\n<p><\/p>\n\n\n<div class=\"wp-block-image\">\n<figure class=\"aligncenter size-large\"><img loading=\"lazy\" decoding=\"async\" width=\"640\" height=\"48\" src=\"https:\/\/sp2-poreba.edu.pl\/wp-content\/uploads\/2025\/09\/image-1-640x48.png\" alt=\"\" class=\"wp-image-6151\" srcset=\"https:\/\/sp2-poreba.edu.pl\/wp-content\/uploads\/2025\/09\/image-1-640x48.png 640w, https:\/\/sp2-poreba.edu.pl\/wp-content\/uploads\/2025\/09\/image-1-300x23.png 300w, https:\/\/sp2-poreba.edu.pl\/wp-content\/uploads\/2025\/09\/image-1-768x58.png 768w, https:\/\/sp2-poreba.edu.pl\/wp-content\/uploads\/2025\/09\/image-1.png 1043w\" sizes=\"auto, (max-width: 640px) 100vw, 640px\" \/><\/figure><\/div>\n\n\n<p><\/p>\n\n\n\n<p class=\"has-text-align-center has-normal-font-size\">W oddzia\u0142ach przedszkolnych w Szkole Podstawowej nr 2 im. Jana Paw\u0142a II w Por\u0119bie w<br>dniach 08.09.2025- 21.09.2025 odby\u0142a si\u0119 ponowna rekrutacja do bezp\u0142atnych zaj\u0119\u0107 w ramach<br>projektu \u201eNauka dla przedszkolaka rozw\u00f3j oferty edukacyjnej przedszkolnej w Gminie<br>Por\u0119ba\u201d. W wyniku rekrutacji do projektu przyst\u0105pi\u0142o dodatkowo 6 przedszkolak\u00f3w, kt\u00f3rzy<br>do\u0142\u0105cza do dzieci, kt\u00f3rzy ju\u017c od tamtego roku ucz\u0119szczaj\u0105 na zaj\u0119cia: bajkoterapia, trening<br>umiej\u0119tno\u015bci spo\u0142ecznych z elementami preorientacji zawodowej, atreterapia, rytmika z<br>motoryk\u0105 zaj\u0119cia plastyczne. Planowane zako\u0144czenie projektu przypada na 30.12.2026.<br>\u017byczymy ciekawych i niezapomnianych zaj\u0119\u0107 dla przedszkolak\u00f3w.<\/p>\n","protected":false},"excerpt":{"rendered":"<p>Szanowni Pa\u0144stwo, Oddzia\u0142y Przedszkolne w Szkole Podstawowej nr 2 im. Jana Paw\u0142a II w Por\u0119bie ponownie og\u0142aszaj\u0105 nab\u00f3r dzieci, kt\u00f3re nie s\u0105 jeszcze uczestnikami, do bezp\u0142atnego udzia\u0142u w projekcie \u201eNauka dla przedszkolaka- rozw\u00f3j oferty edukacyjnej przedszkolnej w Gminie Por\u0119ba\u201d dofinansowanego <span class=\"readmore\"><a href=\"https:\/\/sp2-poreba.edu.pl\/index.php\/projekt-nauka-dla-przedszkolaka\/\">Czytaj wi\u0119cej<\/a><\/span><\/p>\n","protected":false},"author":2,"featured_media":4861,"parent":0,"menu_order":62,"comment_status":"closed","ping_status":"closed","template":"","meta":{"footnotes":""},"class_list":["post-6079","page","type-page","status-publish","has-post-thumbnail","hentry"],"_links":{"self":[{"href":"https:\/\/sp2-poreba.edu.pl\/index.php\/wp-json\/wp\/v2\/pages\/6079","targetHints":{"allow":["GET"]}}],"collection":[{"href":"https:\/\/sp2-poreba.edu.pl\/index.php\/wp-json\/wp\/v2\/pages"}],"about":[{"href":"https:\/\/sp2-poreba.edu.pl\/index.php\/wp-json\/wp\/v2\/types\/page"}],"author":[{"embeddable":true,"href":"https:\/\/sp2-poreba.edu.pl\/index.php\/wp-json\/wp\/v2\/users\/2"}],"replies":[{"embeddable":true,"href":"https:\/\/sp2-poreba.edu.pl\/index.php\/wp-json\/wp\/v2\/comments?post=6079"}],"version-history":[{"count":2,"href":"https:\/\/sp2-poreba.edu.pl\/index.php\/wp-json\/wp\/v2\/pages\/6079\/revisions"}],"predecessor-version":[{"id":6153,"href":"https:\/\/sp2-poreba.edu.pl\/index.php\/wp-json\/wp\/v2\/pages\/6079\/revisions\/6153"}],"wp:featuredmedia":[{"embeddable":true,"href":"https:\/\/sp2-poreba.edu.pl\/index.php\/wp-json\/wp\/v2\/media\/4861"}],"wp:attachment":[{"href":"https:\/\/sp2-poreba.edu.pl\/index.php\/wp-json\/wp\/v2\/media?parent=6079"}],"curies":[{"name":"wp","href":"https:\/\/api.w.org\/{rel}","templated":true}]}}

<p class="has-large-font-size">Szanowni Państwo,</p>



<p class="has-normal-font-size">Oddziały Przedszkolne w Szkole Podstawowej nr 2 im. Jana Pawła II w Porębie ponownie ogłaszają nabór dzieci, które nie są jeszcze uczestnikami, do bezpłatnego udziału w projekcie „<strong>Nauka dla przedszkolaka- rozwój oferty edukacyjnej przedszkolnej w Gminie Poręba”</strong> dofinansowanego w ramach Funduszy Europejskich dla Śląskiego 2021- 2027.</p>



<p class="has-normal-font-size">Przypominamy, że nadal celem głównym projektu jest poprawa jakości edukacji przedszkolnej i wsparcie dzieci ze specjalnymi potrzebami edukacyjnymi. W poprzednim roku szkolnym w ramach projektu udało się dokonać zakupu doposażenia w postaci pomocy dydaktycznych oraz sprzętu ICT. Również nauczyciele uczestniczyli w wielu szkoleniach, kursach oraz studiach podyplomowych. Rezultatem projektu będzie poprawa szans edukacyjnych dzieci objętych projektem, ich rozwój psychoedukacyjny oraz eliminacja trudności i deficytów.</p>



<p class="has-normal-font-size">W ramach projektu przedszkolaki będą mogły wziąć udział w następujących zajęciach:</p>



<ul class="wp-block-list">
<li class="has-normal-font-size">Arteterapia,</li>



<li class="has-normal-font-size">Trening Umiejętności Społecznych &nbsp;z elementami preorientacji zawodowej</li>



<li class="has-normal-font-size">Zajęcia plastyczne</li>



<li class="has-normal-font-size">Bajkoterapia</li>



<li class="has-normal-font-size">Rytmika z motoryką</li>
</ul>



<p class="has-normal-font-size">Zapisy na zajęcia rozpoczną się od 08 września 2025 i potrwają do 21 września 2025. Zapisu dziecka na wybrane zajęcia można dokonać elektronicznie na adres podstawowa_2@op.pl lub u Koordynatora projektu (pedagoga szkolnego &#8211; Pani Justyny Kalamat) w Szkole w sali 24. Na stronie szkoły zostaną zamieszczone wzory dokumentów, które należy uzupełnić aby zapisać swoje dziecko na zajęcia. Wzór wniosku będzie dostępny też u Koordynatora projektu.</p>



<p class="has-normal-font-size">Po 21 września 2025 nastąpi ogłoszenie &nbsp;wyników z przeprowadzonej rekrutacji.</p>



<p class="has-normal-font-size">Planowane rozpoczęcie zajęć – październik 2025 r.</p>



<p class="has-normal-font-size">Zachęcamy do udziału w projekcie!</p>



<div data-wp-interactive="core/file" class="wp-block-file"><object data-wp-bind--hidden="!state.hasPdfPreview" hidden class="wp-block-file__embed" data="https://sp2-poreba.edu.pl/wp-content/uploads/2025/08/REGULAMIN_PROJEKTU-6.01.pdf" type="application/pdf" style="width:100%;height:600px" aria-label="Osadzone z REGULAMIN_PROJEKTU - 6.01."></object><a id="wp-block-file--media-2f133b7d-282d-41d3-9615-c46682c3cbc5" href="https://sp2-poreba.edu.pl/wp-content/uploads/2025/08/REGULAMIN_PROJEKTU-6.01.pdf">REGULAMIN_PROJEKTU &#8211; 6.01</a><a href="https://sp2-poreba.edu.pl/wp-content/uploads/2025/08/REGULAMIN_PROJEKTU-6.01.pdf" class="wp-block-file__button wp-element-button" download aria-describedby="wp-block-file--media-2f133b7d-282d-41d3-9615-c46682c3cbc5">Pobierz</a></div>



<div data-wp-interactive="core/file" class="wp-block-file"><object data-wp-bind--hidden="!state.hasPdfPreview" hidden class="wp-block-file__embed" data="https://sp2-poreba.edu.pl/wp-content/uploads/2025/08/Zalacznik-1a_Karta-zgloszenia-dziecka-do-udzialu-w-projekcie-1.pdf" type="application/pdf" style="width:100%;height:600px" aria-label="Osadzone z Załącznik 1a_Karta zgłoszenia dziecka do udziału w projekcie."></object><a id="wp-block-file--media-9d86fca7-f083-4d8b-b52b-895ebead47e0" href="https://sp2-poreba.edu.pl/wp-content/uploads/2025/08/Zalacznik-1a_Karta-zgloszenia-dziecka-do-udzialu-w-projekcie-1.pdf">Załącznik 1a_Karta zgłoszenia dziecka do udziału w projekcie</a><a href="https://sp2-poreba.edu.pl/wp-content/uploads/2025/08/Zalacznik-1a_Karta-zgloszenia-dziecka-do-udzialu-w-projekcie-1.pdf" class="wp-block-file__button wp-element-button" download aria-describedby="wp-block-file--media-9d86fca7-f083-4d8b-b52b-895ebead47e0">Pobierz</a></div>



<div data-wp-interactive="core/file" class="wp-block-file"><object data-wp-bind--hidden="!state.hasPdfPreview" hidden class="wp-block-file__embed" data="https://sp2-poreba.edu.pl/wp-content/uploads/2025/08/Zalacznik-3_Deklaracja-oswiadczenie-o-uczestnictwie-w-projekcie-1.pdf" type="application/pdf" style="width:100%;height:600px" aria-label="Osadzone z Załącznik 3_Deklaracja oświadczenie o uczestnictwie w projekcie."></object><a id="wp-block-file--media-32c9d6c7-60c8-4d5c-8ee5-e30da35faf48" href="https://sp2-poreba.edu.pl/wp-content/uploads/2025/08/Zalacznik-3_Deklaracja-oswiadczenie-o-uczestnictwie-w-projekcie-1.pdf">Załącznik 3_Deklaracja oświadczenie o uczestnictwie w projekcie</a><a href="https://sp2-poreba.edu.pl/wp-content/uploads/2025/08/Zalacznik-3_Deklaracja-oswiadczenie-o-uczestnictwie-w-projekcie-1.pdf" class="wp-block-file__button wp-element-button" download aria-describedby="wp-block-file--media-32c9d6c7-60c8-4d5c-8ee5-e30da35faf48">Pobierz</a></div>



<div data-wp-interactive="core/file" class="wp-block-file"><object data-wp-bind--hidden="!state.hasPdfPreview" hidden class="wp-block-file__embed" data="https://sp2-poreba.edu.pl/wp-content/uploads/2025/08/Zalacznik-4-_Oswiadczenie-uczestnika-projektu-1.pdf" type="application/pdf" style="width:100%;height:600px" aria-label="Osadzone z Załącznik 4 _Oświadczenie uczestnika projektu."></object><a id="wp-block-file--media-90fbf357-2396-4486-b4d2-b0eb324f4f53" href="https://sp2-poreba.edu.pl/wp-content/uploads/2025/08/Zalacznik-4-_Oswiadczenie-uczestnika-projektu-1.pdf">Załącznik 4 _Oświadczenie uczestnika projektu</a><a href="https://sp2-poreba.edu.pl/wp-content/uploads/2025/08/Zalacznik-4-_Oswiadczenie-uczestnika-projektu-1.pdf" class="wp-block-file__button wp-element-button" download aria-describedby="wp-block-file--media-90fbf357-2396-4486-b4d2-b0eb324f4f53">Pobierz</a></div>



<div data-wp-interactive="core/file" class="wp-block-file"><object data-wp-bind--hidden="!state.hasPdfPreview" hidden class="wp-block-file__embed" data="https://sp2-poreba.edu.pl/wp-content/uploads/2025/08/Zalacznik-5-_RODO-2.pdf" type="application/pdf" style="width:100%;height:600px" aria-label="Osadzone z Załącznik 5 _RODO."></object><a id="wp-block-file--media-61e16024-c786-4afc-af99-c4cd1dcb380c" href="https://sp2-poreba.edu.pl/wp-content/uploads/2025/08/Zalacznik-5-_RODO-2.pdf">Załącznik 5 _RODO</a><a href="https://sp2-poreba.edu.pl/wp-content/uploads/2025/08/Zalacznik-5-_RODO-2.pdf" class="wp-block-file__button wp-element-button" download aria-describedby="wp-block-file--media-61e16024-c786-4afc-af99-c4cd1dcb380c">Pobierz</a></div>



<p></p>


<div class="wp-block-image">
<figure class="aligncenter size-large"><img loading="lazy" decoding="async" width="640" height="48" src="https://sp2-poreba.edu.pl/wp-content/uploads/2025/09/image-1-640x48.png" alt="" class="wp-image-6151" srcset="https://sp2-poreba.edu.pl/wp-content/uploads/2025/09/image-1-640x48.png 640w, https://sp2-poreba.edu.pl/wp-content/uploads/2025/09/image-1-300x23.png 300w, https://sp2-poreba.edu.pl/wp-content/uploads/2025/09/image-1-768x58.png 768w, https://sp2-poreba.edu.pl/wp-content/uploads/2025/09/image-1.png 1043w" sizes="auto, (max-width: 640px) 100vw, 640px" /></figure></div>


<p></p>



<p class="has-text-align-center has-normal-font-size">W oddziałach przedszkolnych w Szkole Podstawowej nr 2 im. Jana Pawła II w Porębie w<br>dniach 08.09.2025- 21.09.2025 odbyła się ponowna rekrutacja do bezpłatnych zajęć w ramach<br>projektu „Nauka dla przedszkolaka rozwój oferty edukacyjnej przedszkolnej w Gminie<br>Poręba”. W wyniku rekrutacji do projektu przystąpiło dodatkowo 6 przedszkolaków, którzy<br>dołącza do dzieci, którzy już od tamtego roku uczęszczają na zajęcia: bajkoterapia, trening<br>umiejętności społecznych z elementami preorientacji zawodowej, atreterapia, rytmika z<br>motoryką zajęcia plastyczne. Planowane zakończenie projektu przypada na 30.12.2026.<br>Życzymy ciekawych i niezapomnianych zajęć dla przedszkolaków.</p>

<p>Szanowni Państwo, Oddziały Przedszkolne w Szkole Podstawowej nr 2 im. Jana Pawła II w Porębie ponownie ogłaszają nabór dzieci, które nie są jeszcze uczestnikami, do bezpłatnego udziału w projekcie „Nauka dla przedszkolaka- rozwój oferty edukacyjnej przedszkolnej w Gminie Poręba” dofinansowanego <span class="readmore"><a href="https://sp2-poreba.edu.pl/index.php/projekt-nauka-dla-przedszkolaka/">Czytaj więcej</a></span></p>
