{"id":61,"date":"2021-03-24T10:59:48","date_gmt":"2021-03-24T10:59:48","guid":{"rendered":"http:\/\/nowa.sp2-poreba.edu.pl\/?page_id=61"},"modified":"2022-02-03T07:17:34","modified_gmt":"2022-02-03T07:17:34","slug":"o-nas","status":"publish","type":"page","link":"https:\/\/sp2-poreba.edu.pl\/index.php\/nasza-szkola\/o-szkole\/o-nas\/","title":{"rendered":"O nas"},"content":{"rendered":"\n<p>Szko\u0142a Podstawowa nr 2 im. Jana Paw\u0142a II w Por\u0119bie jest pa\u0144stwow\u0105 szko\u0142\u0105 publiczn\u0105. Opiek\u0119 merytoryczn\u0105 i metodyczn\u0105 nad plac\u00f3wk\u0105 sprawuj\u0105 \u015al\u0105ski Kurator O\u015bwiaty oraz Wydzia\u0142 O\u015bwiaty Urz\u0119du Miasta Por\u0119ba.<\/p>\n\n\n\n<p>W plac\u00f3wce realizowane s\u0105 zaj\u0119cia w oddzia\u0142ach przedszkolnych i szkole podstawowej.<\/p>\n\n\n\n<p>Nasze przedszkole czynne jest codziennie od poniedzia\u0142ku do pi\u0105tku od godz. 7h00 do 16h30. Mamy grupy 3-latk\u00f3w, 4-latk\u00f3w i 5-latk\u00f3w.<\/p>\n\n\n\n<p>Zaj\u0119cia i zabawy z dzie\u0107mi prowadzi wykwalifikowana kadra pedagogiczna.<\/p>\n\n\n\n<p>Posiadamy w\u0142asne zaplecze kuchenne, gdzie codziennie przygotowywane s\u0105 \u015bwie\u017ce i zdrowe posi\u0142ki dla naszych podopiecznych.<\/p>\n\n\n\n<p>Oddzia\u0142y przedszkolne mieszcz\u0105 si\u0119 na parterze budynku. Dzieci ucz\u0105 si\u0119 i bawi\u0105 w przestrzennych, kolorowych salach wyposa\u017conych w pomoce naukowe i zabawki. Do dyspozycji dzieci jest sala z suchym basenem ( basen z pi\u0142eczkami) i konstrukcj\u0105 wspinaczkow\u0105 dla maluszk\u00f3w. Na terenie plac\u00f3wki znajduje si\u0119 te\u017c bezpieczny plac zabaw, z kt\u00f3rego dzieci ch\u0119tnie korzystaj\u0105 w pogodne dni.<\/p>\n\n\n\n<p>W szkole podstawowej dzia\u0142aj\u0105 klasy od 1 do 8.\u00a0 Wykwalifikowana kadra pedagogiczna dba o wysoki poziom nauczania i wszechstronny rozw\u00f3j uczni\u00f3w. Szko\u0142a osi\u0105ga wysokie wyniki w nauce, co znajduje potwierdzenie w uzyskiwanej ka\u017cdego roku wysokiej punktacji z egzaminu \u00f3smoklasisty. Bierzemy tak\u017ce udzia\u0142 w r\u00f3\u017cnych programach kierowanych dla szk\u00f3\u0142 podstawowych takich jak\u00a0 \u201eOwoce w szkole\u201d\u201d, \u201eSzklanka mleka\u201d a tak\u017ce organizujemy wiele aktywno\u015bci lokalnie: Dni Sportu, \u201eDzie\u0144 Ziemi\u201d, \u201eBieg Papieski\u201d, Dzie\u0144 Patrona, Przegl\u0105d Tw\u00f3rczo\u015bci Dzieci i M\u0142odzie\u017cy i wiele innych.<br>Szko\u0142a\u00a0 posiada dobre zaplecze dydaktyczne ( mi\u0119dzy innymi sal\u0119 komputerow\u0105, sal\u0119 multimedialn\u0105) oraz w\u0142asne zaplecze sportowe: sal\u0119 gimnastyczn\u0105 oraz boisko szkolne.\u00a0 Uczniowie mog\u0105 korzysta\u0107 ze szkolnej biblioteki.<\/p>\n\n\n\n<p>Zaj\u0119cia odbywaj\u0105 si\u0119 w trybie jednozmianowym i rozpoczynaj\u0105 codziennie od godziny 8h00.<\/p>\n\n\n\n<p>Do dyspozycji uczni\u00f3w jest \u015bwietlica czynna codzienne od godz. 7h30\u00a0 do 16h30 oraz sto\u0142\u00f3wka.<\/p>\n\n\n\n<p>Plac\u00f3wka dba o sta\u0142y i wielostronny rozw\u00f3j dzieci. W pracy dydaktycznej, opieku\u0144czej wychowawczej nauczyciele kieruj\u0105 si\u0119 dobrem dzieci, trosk\u0105 o ich rozw\u00f3j intelektualny, spo\u0142eczny i intelektualny. Kszta\u0142tuj\u0105 uczniowskie\u00a0 postawy zainteresowania nauk\u0105, wra\u017cliwo\u015bci wobec postaw innych i szacunku dla drugiego cz\u0142owieka. Szko\u0142a\u00a0 zapewnia przestrze\u0144 dla indywidualnego rozwoju ka\u017cdego ucznia.<br>Nasza szko\u0142a dzia\u0142a ju\u017c blisko 90 lat. Pocz\u0105tki jej istnienia si\u0119gaj\u0105 XX-lecia mi\u0119dzywojennego<\/p>\n","protected":false},"excerpt":{"rendered":"<p>Szko\u0142a Podstawowa nr 2 im. Jana Paw\u0142a II w Por\u0119bie jest pa\u0144stwow\u0105 szko\u0142\u0105 publiczn\u0105. Opiek\u0119 merytoryczn\u0105 i metodyczn\u0105 nad plac\u00f3wk\u0105 sprawuj\u0105 \u015al\u0105ski Kurator O\u015bwiaty oraz Wydzia\u0142 O\u015bwiaty Urz\u0119du Miasta Por\u0119ba. W plac\u00f3wce realizowane s\u0105 zaj\u0119cia w oddzia\u0142ach przedszkolnych i szkole <span class=\"readmore\"><a href=\"https:\/\/sp2-poreba.edu.pl\/index.php\/nasza-szkola\/o-szkole\/o-nas\/\">Czytaj wi\u0119cej<\/a><\/span><\/p>\n","protected":false},"author":1,"featured_media":0,"parent":253,"menu_order":143,"comment_status":"closed","ping_status":"closed","template":"","meta":{"footnotes":""},"class_list":["post-61","page","type-page","status-publish","hentry"],"_links":{"self":[{"href":"https:\/\/sp2-poreba.edu.pl\/index.php\/wp-json\/wp\/v2\/pages\/61","targetHints":{"allow":["GET"]}}],"collection":[{"href":"https:\/\/sp2-poreba.edu.pl\/index.php\/wp-json\/wp\/v2\/pages"}],"about":[{"href":"https:\/\/sp2-poreba.edu.pl\/index.php\/wp-json\/wp\/v2\/types\/page"}],"author":[{"embeddable":true,"href":"https:\/\/sp2-poreba.edu.pl\/index.php\/wp-json\/wp\/v2\/users\/1"}],"replies":[{"embeddable":true,"href":"https:\/\/sp2-poreba.edu.pl\/index.php\/wp-json\/wp\/v2\/comments?post=61"}],"version-history":[{"count":0,"href":"https:\/\/sp2-poreba.edu.pl\/index.php\/wp-json\/wp\/v2\/pages\/61\/revisions"}],"up":[{"embeddable":true,"href":"https:\/\/sp2-poreba.edu.pl\/index.php\/wp-json\/wp\/v2\/pages\/253"}],"wp:attachment":[{"href":"https:\/\/sp2-poreba.edu.pl\/index.php\/wp-json\/wp\/v2\/media?parent=61"}],"curies":[{"name":"wp","href":"https:\/\/api.w.org\/{rel}","templated":true}]}}

<p>Szkoła Podstawowa nr 2 im. Jana Pawła II w Porębie jest państwową szkołą publiczną. Opiekę merytoryczną i metodyczną nad placówką sprawują Śląski Kurator Oświaty oraz Wydział Oświaty Urzędu Miasta Poręba.</p>



<p>W placówce realizowane są zajęcia w oddziałach przedszkolnych i szkole podstawowej.</p>



<p>Nasze przedszkole czynne jest codziennie od poniedziałku do piątku od godz. 7h00 do 16h30. Mamy grupy 3-latków, 4-latków i 5-latków.</p>



<p>Zajęcia i zabawy z dziećmi prowadzi wykwalifikowana kadra pedagogiczna.</p>



<p>Posiadamy własne zaplecze kuchenne, gdzie codziennie przygotowywane są świeże i zdrowe posiłki dla naszych podopiecznych.</p>



<p>Oddziały przedszkolne mieszczą się na parterze budynku. Dzieci uczą się i bawią w przestrzennych, kolorowych salach wyposażonych w pomoce naukowe i zabawki. Do dyspozycji dzieci jest sala z suchym basenem ( basen z piłeczkami) i konstrukcją wspinaczkową dla maluszków. Na terenie placówki znajduje się też bezpieczny plac zabaw, z którego dzieci chętnie korzystają w pogodne dni.</p>



<p>W szkole podstawowej działają klasy od 1 do 8.  Wykwalifikowana kadra pedagogiczna dba o wysoki poziom nauczania i wszechstronny rozwój uczniów. Szkoła osiąga wysokie wyniki w nauce, co znajduje potwierdzenie w uzyskiwanej każdego roku wysokiej punktacji z egzaminu ósmoklasisty. Bierzemy także udział w różnych programach kierowanych dla szkół podstawowych takich jak  „Owoce w szkole””, „Szklanka mleka” a także organizujemy wiele aktywności lokalnie: Dni Sportu, „Dzień Ziemi”, „Bieg Papieski”, Dzień Patrona, Przegląd Twórczości Dzieci i Młodzieży i wiele innych.<br>Szkoła  posiada dobre zaplecze dydaktyczne ( między innymi salę komputerową, salę multimedialną) oraz własne zaplecze sportowe: salę gimnastyczną oraz boisko szkolne.  Uczniowie mogą korzystać ze szkolnej biblioteki.</p>



<p>Zajęcia odbywają się w trybie jednozmianowym i rozpoczynają codziennie od godziny 8h00.</p>



<p>Do dyspozycji uczniów jest świetlica czynna codzienne od godz. 7h30  do 16h30 oraz stołówka.</p>



<p>Placówka dba o stały i wielostronny rozwój dzieci. W pracy dydaktycznej, opiekuńczej wychowawczej nauczyciele kierują się dobrem dzieci, troską o ich rozwój intelektualny, społeczny i intelektualny. Kształtują uczniowskie  postawy zainteresowania nauką, wrażliwości wobec postaw innych i szacunku dla drugiego człowieka. Szkoła  zapewnia przestrzeń dla indywidualnego rozwoju każdego ucznia.<br>Nasza szkoła działa już blisko 90 lat. Początki jej istnienia sięgają XX-lecia międzywojennego</p>

<p>Szkoła Podstawowa nr 2 im. Jana Pawła II w Porębie jest państwową szkołą publiczną. Opiekę merytoryczną i metodyczną nad placówką sprawują Śląski Kurator Oświaty oraz Wydział Oświaty Urzędu Miasta Poręba. W placówce realizowane są zajęcia w oddziałach przedszkolnych i szkole <span class="readmore"><a href="https://sp2-poreba.edu.pl/index.php/nasza-szkola/o-szkole/o-nas/">Czytaj więcej</a></span></p>
