{"id":8924,"date":"2026-09-01T14:25:17","date_gmt":"2026-09-01T14:25:17","guid":{"rendered":"https:\/\/sp2-poreba.edu.pl\/?page_id=8924"},"modified":"2026-09-01T14:25:18","modified_gmt":"2026-09-01T14:25:18","slug":"projekt-nowa-era-edukacji-w-gminie-poreba-kontynuacja-wrzesien-pazdziernik","status":"publish","type":"page","link":"https:\/\/sp2-poreba.edu.pl\/index.php\/projekt-nowa-era-edukacji-w-gminie-poreba-kontynuacja-wrzesien-pazdziernik\/","title":{"rendered":"PROJEKT &#8220;Nowa Era Edukacji w gminie Por\u0119ba&#8221; &#8211; kontynuacja wrzesie\u0144 &#8211;  pa\u017adziernik"},"content":{"rendered":"","protected":false},"excerpt":{"rendered":"","protected":false},"author":2,"featured_media":0,"parent":0,"menu_order":4,"comment_status":"closed","ping_status":"closed","template":"","meta":{"footnotes":""},"class_list":["post-8924","page","type-page","status-publish","hentry"],"_links":{"self":[{"href":"https:\/\/sp2-poreba.edu.pl\/index.php\/wp-json\/wp\/v2\/pages\/8924","targetHints":{"allow":["GET"]}}],"collection":[{"href":"https:\/\/sp2-poreba.edu.pl\/index.php\/wp-json\/wp\/v2\/pages"}],"about":[{"href":"https:\/\/sp2-poreba.edu.pl\/index.php\/wp-json\/wp\/v2\/types\/page"}],"author":[{"embeddable":true,"href":"https:\/\/sp2-poreba.edu.pl\/index.php\/wp-json\/wp\/v2\/users\/2"}],"replies":[{"embeddable":true,"href":"https:\/\/sp2-poreba.edu.pl\/index.php\/wp-json\/wp\/v2\/comments?post=8924"}],"version-history":[{"count":1,"href":"https:\/\/sp2-poreba.edu.pl\/index.php\/wp-json\/wp\/v2\/pages\/8924\/revisions"}],"predecessor-version":[{"id":8925,"href":"https:\/\/sp2-poreba.edu.pl\/index.php\/wp-json\/wp\/v2\/pages\/8924\/revisions\/8925"}],"wp:attachment":[{"href":"https:\/\/sp2-poreba.edu.pl\/index.php\/wp-json\/wp\/v2\/media?parent=8924"}],"curies":[{"name":"wp","href":"https:\/\/api.w.org\/{rel}","templated":true}]}}

PROJEKT &#8220;Nowa Era Edukacji w gminie Poręba&#8221; &#8211; kontynuacja wrzesień &#8211;  październik
