{"id":8937,"date":"2026-09-01T19:06:13","date_gmt":"2026-09-01T19:06:13","guid":{"rendered":"https:\/\/sp2-poreba.edu.pl\/?page_id=8937"},"modified":"2026-09-01T19:06:13","modified_gmt":"2026-09-01T19:06:13","slug":"harmonogram-form-wsparcia-wrzesien-informacja-dla-rodzicow","status":"publish","type":"page","link":"https:\/\/sp2-poreba.edu.pl\/index.php\/harmonogram-form-wsparcia-wrzesien-informacja-dla-rodzicow\/","title":{"rendered":"HARMONOGRAM FORM WSPARCIA WRZESIE\u0143 INFORMACJA DLA RODZIC\u00d3W"},"content":{"rendered":"\n<p class=\"has-normal-font-size\">Kontynuacja projektu \u201eNauka dla przedszkolaka\u201d<\/p>\n\n\n\n<p class=\"has-normal-font-size\">Szanowni Pa\u0144stwo,<\/p>\n\n\n\n<p class=\"has-normal-font-size\">informujemy, \u017ce od wrze\u015bnia do grudnia 2026 r. w Oddzia\u0142ach Przedszkolnych Szko\u0142y Podstawowej nr 2 im. Jana Paw\u0142a II w Por\u0119bie trwa kontynuacja projektu \u201eNauka dla przedszkolaka \u2013 rozw\u00f3j oferty edukacyjnej przedszkolnej w Gminie Por\u0119ba\u201d, dofinansowanego w ramach Funduszy Europejskich dla \u015al\u0105skiego 2021\u20132027.<\/p>\n\n\n\n<p class=\"has-normal-font-size\">W ramach projektu prowadzone s\u0105 bezp\u0142atne zaj\u0119cia:<\/p>\n\n\n\n<p class=\"has-normal-font-size\">* Arteterapia \u2013 mgr Sylwia Szymocha \u2013 poniedzia\u0142ek, \u015broda, czwartek<\/p>\n\n\n\n<p class=\"has-normal-font-size\">* Trening Umiej\u0119tno\u015bci Spo\u0142ecznych (TUS) \u2013 mgr Ma\u0142gorzata Dychus \u2013 \u015broda, czwartek<\/p>\n\n\n\n<p class=\"has-normal-font-size\">* Rytmika z motoryk\u0105 \u2013 mgr Agnieszka Wierzbi\u0144ska \u2013 wtorek<\/p>\n\n\n\n<p class=\"has-normal-font-size\">* Zaj\u0119cia plastyczne \u2013 mgr Agnieszka Zamora \u2013 poniedzia\u0142ek<\/p>\n\n\n\n<p class=\"has-normal-font-size\">Celem zaj\u0119\u0107 jest wspieranie wszechstronnego rozwoju dzieci, rozwijanie kompetencji spo\u0142ecznych, emocjonalnych, ruchowych i tw\u00f3rczych oraz wyr\u00f3wnywanie indywidualnych trudno\u015bci i deficyt\u00f3w.<\/p>\n\n\n\n<p class=\"has-normal-font-size\">Zapraszamy do uczestnictwa!<\/p>\n\n\n\n<div data-wp-interactive=\"core\/file\" class=\"wp-block-file\"><object data-wp-bind--hidden=\"!state.hasPdfPreview\" hidden class=\"wp-block-file__embed\" data=\"https:\/\/sp2-poreba.edu.pl\/wp-content\/uploads\/2026\/09\/Nauka-dla-przedszkolaka-wrzesien.pdf\" type=\"application\/pdf\" style=\"width:100%;height:600px\" aria-label=\"Osadzone z Nauka dla przedszkolaka wrzesie\u0144.\"><\/object><a id=\"wp-block-file--media-caef1e2e-e1bb-4cc7-8a2b-777b3ba33331\" href=\"https:\/\/sp2-poreba.edu.pl\/wp-content\/uploads\/2026\/09\/Nauka-dla-przedszkolaka-wrzesien.pdf\">Nauka dla przedszkolaka wrzesie\u0144<\/a><a href=\"https:\/\/sp2-poreba.edu.pl\/wp-content\/uploads\/2026\/09\/Nauka-dla-przedszkolaka-wrzesien.pdf\" class=\"wp-block-file__button wp-element-button\" download aria-describedby=\"wp-block-file--media-caef1e2e-e1bb-4cc7-8a2b-777b3ba33331\">Pobierz<\/a><\/div>\n","protected":false},"excerpt":{"rendered":"<p>Kontynuacja projektu \u201eNauka dla przedszkolaka\u201d Szanowni Pa\u0144stwo, informujemy, \u017ce od wrze\u015bnia do grudnia 2026 r. w Oddzia\u0142ach Przedszkolnych Szko\u0142y Podstawowej nr 2 im. Jana Paw\u0142a II w Por\u0119bie trwa kontynuacja projektu \u201eNauka dla przedszkolaka \u2013 rozw\u00f3j oferty edukacyjnej przedszkolnej w <span class=\"readmore\"><a href=\"https:\/\/sp2-poreba.edu.pl\/index.php\/harmonogram-form-wsparcia-wrzesien-informacja-dla-rodzicow\/\">Czytaj wi\u0119cej<\/a><\/span><\/p>\n","protected":false},"author":2,"featured_media":0,"parent":0,"menu_order":1,"comment_status":"closed","ping_status":"closed","template":"","meta":{"footnotes":""},"class_list":["post-8937","page","type-page","status-publish","hentry"],"_links":{"self":[{"href":"https:\/\/sp2-poreba.edu.pl\/index.php\/wp-json\/wp\/v2\/pages\/8937","targetHints":{"allow":["GET"]}}],"collection":[{"href":"https:\/\/sp2-poreba.edu.pl\/index.php\/wp-json\/wp\/v2\/pages"}],"about":[{"href":"https:\/\/sp2-poreba.edu.pl\/index.php\/wp-json\/wp\/v2\/types\/page"}],"author":[{"embeddable":true,"href":"https:\/\/sp2-poreba.edu.pl\/index.php\/wp-json\/wp\/v2\/users\/2"}],"replies":[{"embeddable":true,"href":"https:\/\/sp2-poreba.edu.pl\/index.php\/wp-json\/wp\/v2\/comments?post=8937"}],"version-history":[{"count":1,"href":"https:\/\/sp2-poreba.edu.pl\/index.php\/wp-json\/wp\/v2\/pages\/8937\/revisions"}],"predecessor-version":[{"id":8939,"href":"https:\/\/sp2-poreba.edu.pl\/index.php\/wp-json\/wp\/v2\/pages\/8937\/revisions\/8939"}],"wp:attachment":[{"href":"https:\/\/sp2-poreba.edu.pl\/index.php\/wp-json\/wp\/v2\/media?parent=8937"}],"curies":[{"name":"wp","href":"https:\/\/api.w.org\/{rel}","templated":true}]}}

HARMONOGRAM FORM WSPARCIA WRZESIEŃ INFORMACJA DLA RODZICÓW

<p class="has-normal-font-size">Kontynuacja projektu „Nauka dla przedszkolaka”</p>



<p class="has-normal-font-size">Szanowni Państwo,</p>



<p class="has-normal-font-size">informujemy, że od września do grudnia 2026 r. w Oddziałach Przedszkolnych Szkoły Podstawowej nr 2 im. Jana Pawła II w Porębie trwa kontynuacja projektu „Nauka dla przedszkolaka – rozwój oferty edukacyjnej przedszkolnej w Gminie Poręba”, dofinansowanego w ramach Funduszy Europejskich dla Śląskiego 2021–2027.</p>



<p class="has-normal-font-size">W ramach projektu prowadzone są bezpłatne zajęcia:</p>



<p class="has-normal-font-size">* Arteterapia – mgr Sylwia Szymocha – poniedziałek, środa, czwartek</p>



<p class="has-normal-font-size">* Trening Umiejętności Społecznych (TUS) – mgr Małgorzata Dychus – środa, czwartek</p>



<p class="has-normal-font-size">* Rytmika z motoryką – mgr Agnieszka Wierzbińska – wtorek</p>



<p class="has-normal-font-size">* Zajęcia plastyczne – mgr Agnieszka Zamora – poniedziałek</p>



<p class="has-normal-font-size">Celem zajęć jest wspieranie wszechstronnego rozwoju dzieci, rozwijanie kompetencji społecznych, emocjonalnych, ruchowych i twórczych oraz wyrównywanie indywidualnych trudności i deficytów.</p>



<p class="has-normal-font-size">Zapraszamy do uczestnictwa!</p>



<div data-wp-interactive="core/file" class="wp-block-file"><object data-wp-bind--hidden="!state.hasPdfPreview" hidden class="wp-block-file__embed" data="https://sp2-poreba.edu.pl/wp-content/uploads/2026/09/Nauka-dla-przedszkolaka-wrzesien.pdf" type="application/pdf" style="width:100%;height:600px" aria-label="Osadzone z Nauka dla przedszkolaka wrzesień."></object><a id="wp-block-file--media-caef1e2e-e1bb-4cc7-8a2b-777b3ba33331" href="https://sp2-poreba.edu.pl/wp-content/uploads/2026/09/Nauka-dla-przedszkolaka-wrzesien.pdf">Nauka dla przedszkolaka wrzesień</a><a href="https://sp2-poreba.edu.pl/wp-content/uploads/2026/09/Nauka-dla-przedszkolaka-wrzesien.pdf" class="wp-block-file__button wp-element-button" download aria-describedby="wp-block-file--media-caef1e2e-e1bb-4cc7-8a2b-777b3ba33331">Pobierz</a></div>

<p>Kontynuacja projektu „Nauka dla przedszkolaka” Szanowni Państwo, informujemy, że od września do grudnia 2026 r. w Oddziałach Przedszkolnych Szkoły Podstawowej nr 2 im. Jana Pawła II w Porębie trwa kontynuacja projektu „Nauka dla przedszkolaka – rozwój oferty edukacyjnej przedszkolnej w <span class="readmore"><a href="https://sp2-poreba.edu.pl/index.php/harmonogram-form-wsparcia-wrzesien-informacja-dla-rodzicow/">Czytaj więcej</a></span></p>
